{"id":99,"date":"2023-04-11T18:24:38","date_gmt":"2023-04-11T16:24:38","guid":{"rendered":"https:\/\/ambasciatapraga.esteri.it\/?page_id=99"},"modified":"2023-12-14T10:59:13","modified_gmt":"2023-12-14T09:59:13","slug":"studiare-in-italia","status":"publish","type":"page","link":"https:\/\/ambsantasede.esteri.it\/it\/italia-e-santa-sede\/diplomazia-culturale\/studiare-in-italia\/","title":{"rendered":"Studiare in Italia"},"content":{"rendered":"<p class=\"boxLevel03\" style=\"text-align: justify;\">L\u2019 Ambasciata d\u2019Italia presso la Santa Sede provvede, ove necessario, agli adempimenti previsti dalle disposizioni contenute nel Decreto Legislativo 3 febbraio 2011, n.71 .<\/p>\n<p style=\"text-align: justify;\">Il pagamento di percezione consolare, da corrispondersi in contanti presso lo stesso Ufficio consolare, \u00e8 previsto per la legalizzazione delle firme della Segreteria di Stato Vaticana di titoli di studio rilasciati da Universit\u00e0 Pontificie.<\/p>\n<p style=\"text-align: justify;\">Anche per quanto attiene \u00a0alla legalizzazione delle firme della Segreteria di Stato Vaticana\u00a0di\u00a0titoli di studio\u00a0rilasciati da Universit\u00e0 Pontificie, si rappresenta che la legalizzazione \u00e8 effettuata con pagamento di percezione consolare sia relativamente alle lauree in Sacra Teologia date dalle Facolt\u00e0 approvate dalla Santa Sede,\u00a0alla disciplina &#8220;Sacra Scrittura&#8221;, che ai diplomi che si conseguono nelle Scuole Vaticane di Paleografia, Archivistica e Diplomatica Documentaria e Biblioteconomia, ai sensi dell\u2019 Art. 10 dell\u2019 Accordo di Villa Madama 1994.<\/p>\n<p style=\"text-align: justify;\">Ai sensi e per gli effetti dell\u2019art. 10 n. 2 comma 1 dell\u2019Accordo di revisione del Concordato del 18 febbraio del 1984, a integrazione dello Scambio di Note Verbali del 1994, con decreto del Ministero dell\u2019Istruzione dell\u2019 Universit\u00e0 e della Ricerca il 13 febbraio 2019 sono stati inseriti nel novero dei titoli riconosciuti, a richiesta degli interessati, le seguenti discipline ecclesiastiche: Diritto Canonico, Liturgia, Spiritualit\u00e0, Missiologia, Scienze Religiose.<\/p>\n<p style=\"text-align: justify;\">In merito alle procedure di equipollenza dei titoli\u00a0\u00a0di studio rilasciati da Facolt\u00e0 approvate dalla Santa Sede\u00a0 si dovr\u00e0 esprimere il competente MUR ( Via Carcani 61, Roma) o i Consigli di Facolt\u00e0 delle Universit\u00e0 italiane.<\/p>\n<p style=\"text-align: justify;\">A seguito della riforma dell\u2019ordinamento didattico universitario italiano, in attuazione del Processo di Bologna (Decreto ministeriale 509 del 3 novembre 1999, successivamente sostituito dal Decreto ministeriale 270 del 22 ottobre 2004), lo stesso \u00e8 ora organizzato in:<\/p>\n<p style=\"text-align: justify;\">\u2022 un titolo di primo livello della durata di tre anni, la Laurea triennale, previo conseguimento di 180 CFU<br \/>\n\u2022 un titolo di secondo livello, la Laurea magistrale, che si consegue dopo due anni con l\u2019acquisizione di 120 CFU<\/p>\n<p style=\"text-align: justify;\">Poich\u00e9 anche la Santa Sede aderisce al processo di Bologna, le certificazioni rilasciate dalle Facolt\u00e0 Universitarie Pontificie devono specificare i crediti acquisiti e il numero di annualit\u00e0 prescritte dal Decreto del Presidente della Repubblica 175 del 1994, non inferiore a tredici per il Baccalaureato e a venti per la Licenza.<br \/>\nTale riconoscimento \u00e8 relativo ai titoli conseguiti in Teologia e Sacra Scrittura, mentre gli altri gradi accademici della Santa Sede in altre discipline, perch\u00e9 facenti parte del processo di Bologna e dello Spazio europeo dell\u2019istruzione superiore, sono valutabili alla stregua di tutti gli altri titoli esteri, secondo le procedure vigenti, salvo specifici decreti ministeriali che prevedano il riconoscimento automatico di particolari titoli.<\/p>\n<h3><\/h3>\n<ul>\n<li><a href=\"https:\/\/ambsantasede.esteri.it\/it\/italia-e-santa-sede\/diplomazia-culturale\/studiare-in-italia\/le-scuole-in-italia\/\">Le scuole in Italia<\/a><\/li>\n<li><a href=\"https:\/\/ambsantasede.esteri.it\/it\/italia-e-santa-sede\/diplomazia-culturale\/studiare-in-italia\/luniversita-in-italia\/\">L&#8217;universit\u00e0 in Italia<\/a><\/li>\n<li><a href=\"https:\/\/ambsantasede.esteri.it\/it\/italia-e-santa-sede\/diplomazia-culturale\/studiare-in-italia\/equipollenza-dei-titoli-di-studio\/\">Equipollenza dei titoli di studio<\/a><\/li>\n<li><a href=\"https:\/\/ambsantasede.esteri.it\/it\/italia-e-santa-sede\/diplomazia-culturale\/studiare-in-italia\/dichiarazioni-di-valore\/\">Dichiarazioni di valore<\/a><\/li>\n<\/ul>\n<h3><\/h3>\n<p>&nbsp;<\/p>\n","protected":false},"excerpt":{"rendered":"L\u2019 Ambasciata d\u2019Italia presso la Santa Sede provvede, ove necessario, agli adempimenti previsti dalle disposizioni contenute nel Decreto Legislativo 3 febbraio 2011, n.71 . Il pagamento di percezione consolare, da corrispondersi in contanti presso lo stesso Ufficio consolare, \u00e8 previsto per la legalizzazione delle firme della Segreteria di Stato Vaticana di titoli di studio rilasciati [&hellip;]","protected":false},"author":1,"featured_media":0,"parent":44,"menu_order":0,"comment_status":"closed","ping_status":"closed","template":"","meta":{"footnotes":""},"class_list":["post-99","page","type-page","status-publish","hentry"],"_links":{"self":[{"href":"https:\/\/ambsantasede.esteri.it\/it\/wp-json\/wp\/v2\/pages\/99","targetHints":{"allow":["GET"]}}],"collection":[{"href":"https:\/\/ambsantasede.esteri.it\/it\/wp-json\/wp\/v2\/pages"}],"about":[{"href":"https:\/\/ambsantasede.esteri.it\/it\/wp-json\/wp\/v2\/types\/page"}],"author":[{"embeddable":true,"href":"https:\/\/ambsantasede.esteri.it\/it\/wp-json\/wp\/v2\/users\/1"}],"replies":[{"embeddable":true,"href":"https:\/\/ambsantasede.esteri.it\/it\/wp-json\/wp\/v2\/comments?post=99"}],"version-history":[{"count":6,"href":"https:\/\/ambsantasede.esteri.it\/it\/wp-json\/wp\/v2\/pages\/99\/revisions"}],"predecessor-version":[{"id":2422,"href":"https:\/\/ambsantasede.esteri.it\/it\/wp-json\/wp\/v2\/pages\/99\/revisions\/2422"}],"up":[{"embeddable":true,"href":"https:\/\/ambsantasede.esteri.it\/it\/wp-json\/wp\/v2\/pages\/44"}],"wp:attachment":[{"href":"https:\/\/ambsantasede.esteri.it\/it\/wp-json\/wp\/v2\/media?parent=99"}],"curies":[{"name":"wp","href":"https:\/\/api.w.org\/{rel}","templated":true}]}}

<p class="boxLevel03" style="text-align: justify;">L’ Ambasciata d’Italia presso la Santa Sede provvede, ove necessario, agli adempimenti previsti dalle disposizioni contenute nel Decreto Legislativo 3 febbraio 2011, n.71 .</p>
<p style="text-align: justify;">Il pagamento di percezione consolare, da corrispondersi in contanti presso lo stesso Ufficio consolare, è previsto per la legalizzazione delle firme della Segreteria di Stato Vaticana di titoli di studio rilasciati da Università Pontificie.</p>
<p style="text-align: justify;">Anche per quanto attiene  alla legalizzazione delle firme della Segreteria di Stato Vaticana di titoli di studio rilasciati da Università Pontificie, si rappresenta che la legalizzazione è effettuata con pagamento di percezione consolare sia relativamente alle lauree in Sacra Teologia date dalle Facoltà approvate dalla Santa Sede, alla disciplina &#8220;Sacra Scrittura&#8221;, che ai diplomi che si conseguono nelle Scuole Vaticane di Paleografia, Archivistica e Diplomatica Documentaria e Biblioteconomia, ai sensi dell’ Art. 10 dell’ Accordo di Villa Madama 1994.</p>
<p style="text-align: justify;">Ai sensi e per gli effetti dell’art. 10 n. 2 comma 1 dell’Accordo di revisione del Concordato del 18 febbraio del 1984, a integrazione dello Scambio di Note Verbali del 1994, con decreto del Ministero dell’Istruzione dell’ Università e della Ricerca il 13 febbraio 2019 sono stati inseriti nel novero dei titoli riconosciuti, a richiesta degli interessati, le seguenti discipline ecclesiastiche: Diritto Canonico, Liturgia, Spiritualità, Missiologia, Scienze Religiose.</p>
<p style="text-align: justify;">In merito alle procedure di equipollenza dei titoli  di studio rilasciati da Facoltà approvate dalla Santa Sede  si dovrà esprimere il competente MUR ( Via Carcani 61, Roma) o i Consigli di Facoltà delle Università italiane.</p>
<p style="text-align: justify;">A seguito della riforma dell’ordinamento didattico universitario italiano, in attuazione del Processo di Bologna (Decreto ministeriale 509 del 3 novembre 1999, successivamente sostituito dal Decreto ministeriale 270 del 22 ottobre 2004), lo stesso è ora organizzato in:</p>
<p style="text-align: justify;">• un titolo di primo livello della durata di tre anni, la Laurea triennale, previo conseguimento di 180 CFU<br />
• un titolo di secondo livello, la Laurea magistrale, che si consegue dopo due anni con l’acquisizione di 120 CFU</p>
<p style="text-align: justify;">Poiché anche la Santa Sede aderisce al processo di Bologna, le certificazioni rilasciate dalle Facoltà Universitarie Pontificie devono specificare i crediti acquisiti e il numero di annualità prescritte dal Decreto del Presidente della Repubblica 175 del 1994, non inferiore a tredici per il Baccalaureato e a venti per la Licenza.<br />
Tale riconoscimento è relativo ai titoli conseguiti in Teologia e Sacra Scrittura, mentre gli altri gradi accademici della Santa Sede in altre discipline, perché facenti parte del processo di Bologna e dello Spazio europeo dell’istruzione superiore, sono valutabili alla stregua di tutti gli altri titoli esteri, secondo le procedure vigenti, salvo specifici decreti ministeriali che prevedano il riconoscimento automatico di particolari titoli.</p>
<h3></h3>
<ul>
<li><a href="https://ambsantasede.esteri.it/it/italia-e-santa-sede/diplomazia-culturale/studiare-in-italia/le-scuole-in-italia/">Le scuole in Italia</a></li>
<li><a href="https://ambsantasede.esteri.it/it/italia-e-santa-sede/diplomazia-culturale/studiare-in-italia/luniversita-in-italia/">L&#8217;università in Italia</a></li>
<li><a href="https://ambsantasede.esteri.it/it/italia-e-santa-sede/diplomazia-culturale/studiare-in-italia/equipollenza-dei-titoli-di-studio/">Equipollenza dei titoli di studio</a></li>
<li><a href="https://ambsantasede.esteri.it/it/italia-e-santa-sede/diplomazia-culturale/studiare-in-italia/dichiarazioni-di-valore/">Dichiarazioni di valore</a></li>
</ul>
<h3></h3>
<p>&nbsp;</p>

L’ Ambasciata d’Italia presso la Santa Sede provvede, ove necessario, agli adempimenti previsti dalle disposizioni contenute nel Decreto Legislativo 3 febbraio 2011, n.71 . Il pagamento di percezione consolare, da corrispondersi in contanti presso lo stesso Ufficio consolare, è previsto per la legalizzazione delle firme della Segreteria di Stato Vaticana di titoli di studio rilasciati [&hellip;]
