{"id":583,"date":"2023-11-23T17:32:35","date_gmt":"2023-11-23T16:32:35","guid":{"rendered":"https:\/\/ambsantasede.esteri.it\/?page_id=583"},"modified":"2023-11-23T17:32:44","modified_gmt":"2023-11-23T16:32:44","slug":"messaggio","status":"publish","type":"page","link":"https:\/\/ambsantasede.esteri.it\/it\/chi-siamo\/lambasciatore\/messaggio\/","title":{"rendered":"Messaggio"},"content":{"rendered":"<div>\n<p>Gentili visitatori,<\/p>\n<p>&nbsp;<\/p>\n<p>sono lieto di darvi il benvenuto sul sito internet dell\u2019Ambasciata d\u2019Italia presso la Santa Sede e presso il Sovrano Militare Ordine di Malta.<\/p>\n<p>L\u2019Italia e la Santa Sede hanno stabilito relazioni diplomatiche nel 1929 a seguito della firma dei Patti Lateranensi e da allora le relazioni bilaterali si sono costantemente approfondite e rafforzate.<\/p>\n<p>Compito di questa Ambasciata bilaterale, unica della rete diplomatico-consolare italiana a trovarsi a Roma, \u00e8 di curare ogni aspetto dei molteplici rapporti tra Italia e Santa Sede che spaziano dall\u2019ambito politico a quello culturale e della cooperazione internazionale. A questo riguardo basti pensare, a titolo di esempio, che a Roma sono presenti Universit\u00e0 Pontificie ed Istituti di specializzazione post-laurea in materie ecclesiastiche che ospitano quasi 40.000 studenti provenienti da oltre 140 Paesi.<\/p>\n<p>Quest\u2019Ambasciata cura altres\u00ec i rapporti bilaterali tra l\u2019Italia e il Sovrano Militare Ordine di Malta, che ha sede nel nostro Paese dal 1834. L\u2019Ordine svolge una meritoria attivit\u00e0 di assistenza ai bisognosi soprattutto in ambito sanitario. Presente con attivit\u00e0 umanitarie in 120 Paesi, opera in Italia attraverso il CISOM, il Corpo Italiano di Soccorso, che sempre si \u00e8 distinto per la sua azione nelle diverse emergenze che hanno colpito negli anni il nostro Paese. Italia e SMOM collaborano altres\u00ec nell\u2019ambito della cooperazione allo sviluppo grazie ad un memorandum di intesa firmato nel 2019.<\/p>\n<p>Scopo di questo sito web e dei nostri profili social (<a href=\"https:\/\/www.facebook.com\/ItalyToHolySee\/\">Facebook<\/a>, <a href=\"https:\/\/twitter.com\/italytoholysee\">Twitter<\/a>, <a href=\"https:\/\/www.instagram.com\/italytoholysee\/\">Instagram<\/a>, <a href=\"https:\/\/www.youtube.com\/channel\/UCQl3Vq65pFqjq0xpZr7ICzw\">YouTube<\/a>) \u00e8 di informare il pubblico sulle nostre attivit\u00e0 e sullo stato dell\u2019arte delle relazioni bilaterali con la Santa Sede e con il Sovrano Militare Ordine di Malta. Ampie sezioni del sito sono inoltre dedicate ai servizi consolari erogati ai connazionali residenti nella Citt\u00e0 del Vaticano (AIRE, voto all\u2019estero, Carta d\u2019Identit\u00e0 Elettronica ecc.), nonch\u00e9 alle attivit\u00e0 di cerimoniale svolte da questa Sede in favore delle Ambasciate straniere accreditate presso la Santa Sede.<\/p>\n<p>Il sito web \u00e8 inteso come ausilio informativo e pu\u00f2 essere costantemente aggiornato anche sulla base delle osservazioni e dei consigli che tutti i suoi lettori riterranno opportuno darci, al fine di migliorare il nostro servizio agli utenti. Scriveteci, seguiteci sui profili social e contattateci ai recapiti dei diversi settori che troverete nelle sezioni dedicate.<\/p>\n<p>&nbsp;<\/p>\n<p>Buona navigazione!<\/p>\n<p>Francesco Di Nitto<\/p>\n<\/div>\n","protected":false},"excerpt":{"rendered":"Gentili visitatori, &nbsp; sono lieto di darvi il benvenuto sul sito internet dell\u2019Ambasciata d\u2019Italia presso la Santa Sede e presso il Sovrano Militare Ordine di Malta. L\u2019Italia e la Santa Sede hanno stabilito relazioni diplomatiche nel 1929 a seguito della firma dei Patti Lateranensi e da allora le relazioni bilaterali si sono costantemente approfondite e [&hellip;]","protected":false},"author":4,"featured_media":0,"parent":38,"menu_order":0,"comment_status":"closed","ping_status":"closed","template":"","meta":{"footnotes":""},"class_list":["post-583","page","type-page","status-publish","hentry"],"_links":{"self":[{"href":"https:\/\/ambsantasede.esteri.it\/it\/wp-json\/wp\/v2\/pages\/583","targetHints":{"allow":["GET"]}}],"collection":[{"href":"https:\/\/ambsantasede.esteri.it\/it\/wp-json\/wp\/v2\/pages"}],"about":[{"href":"https:\/\/ambsantasede.esteri.it\/it\/wp-json\/wp\/v2\/types\/page"}],"author":[{"embeddable":true,"href":"https:\/\/ambsantasede.esteri.it\/it\/wp-json\/wp\/v2\/users\/4"}],"replies":[{"embeddable":true,"href":"https:\/\/ambsantasede.esteri.it\/it\/wp-json\/wp\/v2\/comments?post=583"}],"version-history":[{"count":1,"href":"https:\/\/ambsantasede.esteri.it\/it\/wp-json\/wp\/v2\/pages\/583\/revisions"}],"predecessor-version":[{"id":586,"href":"https:\/\/ambsantasede.esteri.it\/it\/wp-json\/wp\/v2\/pages\/583\/revisions\/586"}],"up":[{"embeddable":true,"href":"https:\/\/ambsantasede.esteri.it\/it\/wp-json\/wp\/v2\/pages\/38"}],"wp:attachment":[{"href":"https:\/\/ambsantasede.esteri.it\/it\/wp-json\/wp\/v2\/media?parent=583"}],"curies":[{"name":"wp","href":"https:\/\/api.w.org\/{rel}","templated":true}]}}

<div>
<p>Gentili visitatori,</p>
<p>&nbsp;</p>
<p>sono lieto di darvi il benvenuto sul sito internet dell’Ambasciata d’Italia presso la Santa Sede e presso il Sovrano Militare Ordine di Malta.</p>
<p>L’Italia e la Santa Sede hanno stabilito relazioni diplomatiche nel 1929 a seguito della firma dei Patti Lateranensi e da allora le relazioni bilaterali si sono costantemente approfondite e rafforzate.</p>
<p>Compito di questa Ambasciata bilaterale, unica della rete diplomatico-consolare italiana a trovarsi a Roma, è di curare ogni aspetto dei molteplici rapporti tra Italia e Santa Sede che spaziano dall’ambito politico a quello culturale e della cooperazione internazionale. A questo riguardo basti pensare, a titolo di esempio, che a Roma sono presenti Università Pontificie ed Istituti di specializzazione post-laurea in materie ecclesiastiche che ospitano quasi 40.000 studenti provenienti da oltre 140 Paesi.</p>
<p>Quest’Ambasciata cura altresì i rapporti bilaterali tra l’Italia e il Sovrano Militare Ordine di Malta, che ha sede nel nostro Paese dal 1834. L’Ordine svolge una meritoria attività di assistenza ai bisognosi soprattutto in ambito sanitario. Presente con attività umanitarie in 120 Paesi, opera in Italia attraverso il CISOM, il Corpo Italiano di Soccorso, che sempre si è distinto per la sua azione nelle diverse emergenze che hanno colpito negli anni il nostro Paese. Italia e SMOM collaborano altresì nell’ambito della cooperazione allo sviluppo grazie ad un memorandum di intesa firmato nel 2019.</p>
<p>Scopo di questo sito web e dei nostri profili social (<a href="https://www.facebook.com/ItalyToHolySee/">Facebook</a>, <a href="https://twitter.com/italytoholysee">Twitter</a>, <a href="https://www.instagram.com/italytoholysee/">Instagram</a>, <a href="https://www.youtube.com/channel/UCQl3Vq65pFqjq0xpZr7ICzw">YouTube</a>) è di informare il pubblico sulle nostre attività e sullo stato dell’arte delle relazioni bilaterali con la Santa Sede e con il Sovrano Militare Ordine di Malta. Ampie sezioni del sito sono inoltre dedicate ai servizi consolari erogati ai connazionali residenti nella Città del Vaticano (AIRE, voto all’estero, Carta d’Identità Elettronica ecc.), nonché alle attività di cerimoniale svolte da questa Sede in favore delle Ambasciate straniere accreditate presso la Santa Sede.</p>
<p>Il sito web è inteso come ausilio informativo e può essere costantemente aggiornato anche sulla base delle osservazioni e dei consigli che tutti i suoi lettori riterranno opportuno darci, al fine di migliorare il nostro servizio agli utenti. Scriveteci, seguiteci sui profili social e contattateci ai recapiti dei diversi settori che troverete nelle sezioni dedicate.</p>
<p>&nbsp;</p>
<p>Buona navigazione!</p>
<p>Francesco Di Nitto</p>
</div>
