{"id":2223,"date":"2023-11-30T15:00:35","date_gmt":"2023-11-30T14:00:35","guid":{"rendered":"https:\/\/ambsantasede.esteri.it\/?page_id=2223"},"modified":"2023-12-15T16:28:01","modified_gmt":"2023-12-15T15:28:01","slug":"equipollenza-dei-titoli-di-studio","status":"publish","type":"page","link":"https:\/\/ambsantasede.esteri.it\/it\/italia-e-santa-sede\/diplomazia-culturale\/studiare-in-italia\/equipollenza-dei-titoli-di-studio\/","title":{"rendered":"Equipollenza dei titoli di studio"},"content":{"rendered":"<p>In merito alle procedure di equipollenza di titoli di studio rilasciati dalle seguenti Istituzioni Culturali della Santa Sede si dovranno esprimere i competenti Consigli di Facolt\u00e0 delle Universit\u00e0 italiane o il <strong><a href=\"https:\/\/www.mur.gov.it\/it\">Ministero dell&#8217;Universit\u00e0 e della Ricerca<\/a><\/strong>.<\/p>\n<p><strong>Istituzioni Culturali della Santa Sede:<\/strong><\/p>\n<p><em>Accademie Pontificie<\/em><br \/>\n<em>Pontificia Accademia delle Scienze<\/em><br \/>\n<em>Pontificia Accademia delle Scienze Sociali<\/em><br \/>\n<em>Pontificia Accademia di Teologia<\/em><br \/>\n<em>Pontificia Accademia dell\u2019Immacolata<\/em><br \/>\n<em>Pontificia Accademia Mariana Internazionale<\/em><br \/>\n<em>Pontificia insigne Accademia delle Belle Arti e Lettere dei Virtuosi al Pantheon<\/em><br \/>\n<em>Pontificia Accademia Romana di Archeologia<\/em><br \/>\n<em>Pontificia Accademia \u201cCultorum Martyrum\u201d<\/em><\/p>\n<p>&nbsp;<\/p>\n<p><strong>Atenei:<\/strong><\/p>\n<p><em>Pontificia Universit\u00e0 Gregoriana e consociati Pontificio Istituto Biblico e Pontificio Istituto Orientale<\/em><br \/>\n<em>Pontificia Universit\u00e0 Lateranense<\/em><br \/>\n<em>Pontificia Universit\u00e0 Urbaniana<\/em><br \/>\n<em>Pontificia Universit\u00e0 San Tommaso d\u2019Aquino<\/em><br \/>\n<em>Pontificia Universit\u00e0 Salesiana<\/em><br \/>\n<em>Pontificia Universit\u00e0 della Santa Croce<\/em><br \/>\n<em>Pontificia Universit\u00e0 Antonianum<\/em><br \/>\n<em>Pontificio Ateneo Sant\u2019Anselmo<\/em><br \/>\n<em>Pontificio Ateneo Regina Apostolorum<\/em><br \/>\n<em>Pontificio Istituto Superiore di Latinit\u00e0 e Facolt\u00e0 di Lettere Cristiane e Classiche<\/em><br \/>\n<em>Pontificio Istituto di Musica sacra<\/em><br \/>\n<em>Pontificio Istituto di archeologia Cristiana<\/em><br \/>\n<em>Pontificia Universit\u00e0 Teologica San Bonaventura<\/em><br \/>\n<em>Pontificia Universit\u00e0 Teologica e Pontificio Istituto di Spiritualit\u00e0 Teresianum<\/em><br \/>\n<em>Pontificia Facolt\u00e0 Teologia Marianum<\/em><br \/>\n<em>Pontificio Istituto di Studi Arabi e di Islamistica<\/em><br \/>\n<em>Pontificia Facolt\u00e0 di Scienze dell\u2019Educazione Auxilium<\/em><br \/>\n<em>Universit\u00e0 Cattolica del Sacro cuore<\/em><br \/>\n<em>Libera Universit\u00e0 Maria SS.ma Assunta<\/em><br \/>\n<em>SANTA CROCE<\/em><br \/>\n<em>Facolt\u00e0 Teologica Pugliese<\/em><br \/>\n<em>Facolt\u00e0 Teologica dell\u2019Emilia Romagna<\/em><br \/>\n<em>Pontificia Facolt\u00e0 Teologica della Sardegna<\/em><br \/>\n<em>Facolt\u00e0 Teologica dell\u2019Italia Centrale<\/em><br \/>\n<em>Facolt\u00e0 di Filosofia Aloisianum<\/em><br \/>\n<em>Istituto Universitario Sophia<\/em><br \/>\n<em>Facolt\u00e0 Teologica dell\u2019Italia Settentrionale<\/em><br \/>\n<em>Pontificio Istituto Ambrosiano di Musica Sacra<\/em><br \/>\n<em>Facolt\u00e0 Teologica dell\u2019Italia Meridionale<\/em><br \/>\n<em>Facolt\u00e0 Teologica della Sicilia<\/em><br \/>\n<em>Facolt\u00e0 di Diritto Canonico San Pio X<\/em><\/p>\n<p>&nbsp;<\/p>\n<p>&nbsp;<\/p>\n","protected":false},"excerpt":{"rendered":"In merito alle procedure di equipollenza di titoli di studio rilasciati dalle seguenti Istituzioni Culturali della Santa Sede si dovranno esprimere i competenti Consigli di Facolt\u00e0 delle Universit\u00e0 italiane o il Ministero dell&#8217;Universit\u00e0 e della Ricerca. Istituzioni Culturali della Santa Sede: Accademie Pontificie Pontificia Accademia delle Scienze Pontificia Accademia delle Scienze Sociali Pontificia Accademia di [&hellip;]","protected":false},"author":4,"featured_media":0,"parent":99,"menu_order":0,"comment_status":"closed","ping_status":"closed","template":"","meta":{"footnotes":""},"class_list":["post-2223","page","type-page","status-publish","hentry"],"_links":{"self":[{"href":"https:\/\/ambsantasede.esteri.it\/it\/wp-json\/wp\/v2\/pages\/2223","targetHints":{"allow":["GET"]}}],"collection":[{"href":"https:\/\/ambsantasede.esteri.it\/it\/wp-json\/wp\/v2\/pages"}],"about":[{"href":"https:\/\/ambsantasede.esteri.it\/it\/wp-json\/wp\/v2\/types\/page"}],"author":[{"embeddable":true,"href":"https:\/\/ambsantasede.esteri.it\/it\/wp-json\/wp\/v2\/users\/4"}],"replies":[{"embeddable":true,"href":"https:\/\/ambsantasede.esteri.it\/it\/wp-json\/wp\/v2\/comments?post=2223"}],"version-history":[{"count":6,"href":"https:\/\/ambsantasede.esteri.it\/it\/wp-json\/wp\/v2\/pages\/2223\/revisions"}],"predecessor-version":[{"id":2468,"href":"https:\/\/ambsantasede.esteri.it\/it\/wp-json\/wp\/v2\/pages\/2223\/revisions\/2468"}],"up":[{"embeddable":true,"href":"https:\/\/ambsantasede.esteri.it\/it\/wp-json\/wp\/v2\/pages\/99"}],"wp:attachment":[{"href":"https:\/\/ambsantasede.esteri.it\/it\/wp-json\/wp\/v2\/media?parent=2223"}],"curies":[{"name":"wp","href":"https:\/\/api.w.org\/{rel}","templated":true}]}}

<p>In merito alle procedure di equipollenza di titoli di studio rilasciati dalle seguenti Istituzioni Culturali della Santa Sede si dovranno esprimere i competenti Consigli di Facoltà delle Università italiane o il <strong><a href="https://www.mur.gov.it/it">Ministero dell&#8217;Università e della Ricerca</a></strong>.</p>
<p><strong>Istituzioni Culturali della Santa Sede:</strong></p>
<p><em>Accademie Pontificie</em><br />
<em>Pontificia Accademia delle Scienze</em><br />
<em>Pontificia Accademia delle Scienze Sociali</em><br />
<em>Pontificia Accademia di Teologia</em><br />
<em>Pontificia Accademia dell’Immacolata</em><br />
<em>Pontificia Accademia Mariana Internazionale</em><br />
<em>Pontificia insigne Accademia delle Belle Arti e Lettere dei Virtuosi al Pantheon</em><br />
<em>Pontificia Accademia Romana di Archeologia</em><br />
<em>Pontificia Accademia “Cultorum Martyrum”</em></p>
<p>&nbsp;</p>
<p><strong>Atenei:</strong></p>
<p><em>Pontificia Università Gregoriana e consociati Pontificio Istituto Biblico e Pontificio Istituto Orientale</em><br />
<em>Pontificia Università Lateranense</em><br />
<em>Pontificia Università Urbaniana</em><br />
<em>Pontificia Università San Tommaso d’Aquino</em><br />
<em>Pontificia Università Salesiana</em><br />
<em>Pontificia Università della Santa Croce</em><br />
<em>Pontificia Università Antonianum</em><br />
<em>Pontificio Ateneo Sant’Anselmo</em><br />
<em>Pontificio Ateneo Regina Apostolorum</em><br />
<em>Pontificio Istituto Superiore di Latinità e Facoltà di Lettere Cristiane e Classiche</em><br />
<em>Pontificio Istituto di Musica sacra</em><br />
<em>Pontificio Istituto di archeologia Cristiana</em><br />
<em>Pontificia Università Teologica San Bonaventura</em><br />
<em>Pontificia Università Teologica e Pontificio Istituto di Spiritualità Teresianum</em><br />
<em>Pontificia Facoltà Teologia Marianum</em><br />
<em>Pontificio Istituto di Studi Arabi e di Islamistica</em><br />
<em>Pontificia Facoltà di Scienze dell’Educazione Auxilium</em><br />
<em>Università Cattolica del Sacro cuore</em><br />
<em>Libera Università Maria SS.ma Assunta</em><br />
<em>SANTA CROCE</em><br />
<em>Facoltà Teologica Pugliese</em><br />
<em>Facoltà Teologica dell’Emilia Romagna</em><br />
<em>Pontificia Facoltà Teologica della Sardegna</em><br />
<em>Facoltà Teologica dell’Italia Centrale</em><br />
<em>Facoltà di Filosofia Aloisianum</em><br />
<em>Istituto Universitario Sophia</em><br />
<em>Facoltà Teologica dell’Italia Settentrionale</em><br />
<em>Pontificio Istituto Ambrosiano di Musica Sacra</em><br />
<em>Facoltà Teologica dell’Italia Meridionale</em><br />
<em>Facoltà Teologica della Sicilia</em><br />
<em>Facoltà di Diritto Canonico San Pio X</em></p>
<p>&nbsp;</p>
<p>&nbsp;</p>

In merito alle procedure di equipollenza di titoli di studio rilasciati dalle seguenti Istituzioni Culturali della Santa Sede si dovranno esprimere i competenti Consigli di Facoltà delle Università italiane o il Ministero dell&#8217;Università e della Ricerca. Istituzioni Culturali della Santa Sede: Accademie Pontificie Pontificia Accademia delle Scienze Pontificia Accademia delle Scienze Sociali Pontificia Accademia di [&hellip;]
